{"id":6,"date":"2024-08-27T11:19:05","date_gmt":"2024-08-27T11:19:05","guid":{"rendered":"https:\/\/coverband1.de\/?page_id=6"},"modified":"2026-04-22T21:12:50","modified_gmt":"2026-04-22T21:12:50","slug":"home","status":"publish","type":"page","link":"https:\/\/coverband1.de\/","title":{"rendered":"Home"},"content":{"rendered":"\t\t<div data-elementor-type=\"wp-page\" data-elementor-id=\"6\" class=\"elementor elementor-6\">\n\t\t\t\t\t\t<section class=\"elementor-section elementor-top-section elementor-element elementor-element-zs8ap0m elementor-section-boxed elementor-section-height-default elementor-section-height-default\" data-id=\"zs8ap0m\" data-element_type=\"section\" data-settings=\"{&quot;background_background&quot;:&quot;classic&quot;,&quot;shape_divider_bottom&quot;:&quot;curve&quot;,&quot;shape_divider_bottom_negative&quot;:&quot;yes&quot;}\">\n\t\t\t\t\t\t\t<div class=\"elementor-background-overlay\"><\/div>\n\t\t\t\t\t\t<div class=\"elementor-shape elementor-shape-bottom\" aria-hidden=\"true\" data-negative=\"true\">\n\t\t\t<svg xmlns=\"http:\/\/www.w3.org\/2000\/svg\" viewBox=\"0 0 1000 100\" preserveAspectRatio=\"none\">\n\t<path class=\"elementor-shape-fill\" d=\"M500,97C126.7,96.3,0.8,19.8,0,0v100l1000,0V1C1000,19.4,873.3,97.8,500,97z\"\/>\n<\/svg>\t\t<\/div>\n\t\t\t\t\t<div class=\"elementor-container elementor-column-gap-default\">\n\t\t\t\t\t<div class=\"elementor-column elementor-col-100 elementor-top-column elementor-element elementor-element-2005caa\" data-id=\"2005caa\" data-element_type=\"column\">\n\t\t\t<div class=\"elementor-widget-wrap elementor-element-populated\">\n\t\t\t\t\t\t<div class=\"elementor-element elementor-element-429ccfb elementor-widget-mobile__width-auto elementor-widget elementor-widget-heading\" data-id=\"429ccfb\" data-element_type=\"widget\" data-widget_type=\"heading.default\">\n\t\t\t\t<div class=\"elementor-widget-container\">\n\t\t\t\t\t<h1 class=\"elementor-heading-title elementor-size-xl\">Nicht die 2, nicht die 3... Coverband 1!<\/h1>\t\t\t\t<\/div>\n\t\t\t\t<\/div>\n\t\t\t\t<section class=\"elementor-section elementor-inner-section elementor-element elementor-element-aa7e7d9 elementor-section-boxed elementor-section-height-default elementor-section-height-default\" data-id=\"aa7e7d9\" data-element_type=\"section\">\n\t\t\t\t\t\t<div class=\"elementor-container elementor-column-gap-default\">\n\t\t\t\t\t<div class=\"elementor-column elementor-col-50 elementor-inner-column elementor-element elementor-element-4580495\" data-id=\"4580495\" data-element_type=\"column\">\n\t\t\t<div class=\"elementor-widget-wrap elementor-element-populated\">\n\t\t\t\t\t\t<div class=\"elementor-element elementor-element-3904c5a elementor-mobile-align-center elementor-align-right elementor-widget elementor-widget-button\" data-id=\"3904c5a\" data-element_type=\"widget\" data-widget_type=\"button.default\">\n\t\t\t\t<div class=\"elementor-widget-container\">\n\t\t\t\t\t\t\t\t\t<div class=\"elementor-button-wrapper\">\n\t\t\t\t\t<a class=\"elementor-button elementor-button-link elementor-size-sm\" href=\"https:\/\/coverband1.de\/?page_id=316\">\n\t\t\t\t\t\t<span class=\"elementor-button-content-wrapper\">\n\t\t\t\t\t\t\t\t\t<span class=\"elementor-button-text\">Kontakt<\/span>\n\t\t\t\t\t<\/span>\n\t\t\t\t\t<\/a>\n\t\t\t\t<\/div>\n\t\t\t\t\t\t\t\t<\/div>\n\t\t\t\t<\/div>\n\t\t\t\t\t<\/div>\n\t\t<\/div>\n\t\t\t\t<div class=\"elementor-column elementor-col-50 elementor-inner-column elementor-element elementor-element-ccf50d6\" data-id=\"ccf50d6\" data-element_type=\"column\">\n\t\t\t<div class=\"elementor-widget-wrap elementor-element-populated\">\n\t\t\t\t\t\t<div class=\"elementor-element elementor-element-577aeb4 elementor-mobile-align-center elementor-widget elementor-widget-button\" data-id=\"577aeb4\" data-element_type=\"widget\" data-widget_type=\"button.default\">\n\t\t\t\t<div class=\"elementor-widget-container\">\n\t\t\t\t\t\t\t\t\t<div class=\"elementor-button-wrapper\">\n\t\t\t\t\t<a class=\"elementor-button elementor-button-link elementor-size-sm\" href=\"https:\/\/coverband1.de\/#Beschreibung\">\n\t\t\t\t\t\t<span class=\"elementor-button-content-wrapper\">\n\t\t\t\t\t\t\t\t\t<span class=\"elementor-button-text\">Mehr erfahren<\/span>\n\t\t\t\t\t<\/span>\n\t\t\t\t\t<\/a>\n\t\t\t\t<\/div>\n\t\t\t\t\t\t\t\t<\/div>\n\t\t\t\t<\/div>\n\t\t\t\t\t<\/div>\n\t\t<\/div>\n\t\t\t\t\t<\/div>\n\t\t<\/section>\n\t\t\t\t<div class=\"elementor-element elementor-element-67e7edf elementor-widget elementor-widget-text-editor\" data-id=\"67e7edf\" data-element_type=\"widget\" data-widget_type=\"text-editor.default\">\n\t\t\t\t<div class=\"elementor-widget-container\">\n\t\t\t\t\t\t\t\t\t<p>Bei Coverband 1 kommen professionell ausgebildete und studierte Musiker zusammen, um das perfekte Erlebnis f\u00fcr Ihre Veranstaltung zu bieten. Mit unserer Auswahl aus unz\u00e4hligen Hits der Musikgeschichte von den 1950ern bis heute und verschiedensten Instrumenten sind wir die perfekte Band, ganz an Ihr Event angepasst!<\/p>\t\t\t\t\t\t\t\t<\/div>\n\t\t\t\t<\/div>\n\t\t\t\t\t<\/div>\n\t\t<\/div>\n\t\t\t\t\t<\/div>\n\t\t<\/section>\n\t\t<div class=\"elementor-element elementor-element-b6ef1c1 e-flex e-con-boxed e-con e-parent\" data-id=\"b6ef1c1\" data-element_type=\"container\">\n\t\t\t\t\t<div class=\"e-con-inner\">\n\t\t\t\t<div class=\"elementor-element elementor-element-d982ef8 elementor-widget elementor-widget-video\" data-id=\"d982ef8\" data-element_type=\"widget\" data-settings=\"{&quot;youtube_url&quot;:&quot;https:\\\/\\\/www.youtube.com\\\/watch?v=YPK6PfumyzY&quot;,&quot;loop&quot;:&quot;yes&quot;,&quot;video_type&quot;:&quot;youtube&quot;}\" data-widget_type=\"video.default\">\n\t\t\t\t<div class=\"elementor-widget-container\">\n\t\t\t\t\t\t\t<div class=\"elementor-wrapper elementor-open-inline\">\n\t\t\t<div class=\"elementor-video\"><\/div>\t\t<\/div>\n\t\t\t\t\t\t<\/div>\n\t\t\t\t<\/div>\n\t\t\t\t\t<\/div>\n\t\t\t\t<\/div>\n\t\t<div class=\"elementor-element elementor-element-f9f41ab e-flex e-con-boxed e-con e-parent\" data-id=\"f9f41ab\" data-element_type=\"container\">\n\t\t\t\t\t<div class=\"e-con-inner\">\n\t\t\t\t<div class=\"elementor-element elementor-element-e838a77 elementor-widget elementor-widget-menu-anchor\" data-id=\"e838a77\" data-element_type=\"widget\" data-widget_type=\"menu-anchor.default\">\n\t\t\t\t<div class=\"elementor-widget-container\">\n\t\t\t\t\t\t\t<div class=\"elementor-menu-anchor\" id=\"Beschreibung\"><\/div>\n\t\t\t\t\t\t<\/div>\n\t\t\t\t<\/div>\n\t\t\t\t\t<\/div>\n\t\t\t\t<\/div>\n\t\t\t\t<section class=\"elementor-section elementor-top-section elementor-element elementor-element-t92wvsv elementor-section-content-middle elementor-section-boxed elementor-section-height-default elementor-section-height-default\" data-id=\"t92wvsv\" data-element_type=\"section\" data-settings=\"{&quot;background_background&quot;:&quot;classic&quot;}\">\n\t\t\t\t\t\t\t<div class=\"elementor-background-overlay\"><\/div>\n\t\t\t\t\t\t\t<div class=\"elementor-container elementor-column-gap-no\">\n\t\t\t\t\t<div class=\"elementor-column elementor-col-50 elementor-top-column elementor-element elementor-element-d5abc8a\" data-id=\"d5abc8a\" data-element_type=\"column\">\n\t\t\t<div class=\"elementor-widget-wrap elementor-element-populated\">\n\t\t\t\t\t\t<div class=\"elementor-element elementor-element-78825ce elementor-widget elementor-widget-image\" data-id=\"78825ce\" data-element_type=\"widget\" data-settings=\"{&quot;_animation&quot;:&quot;none&quot;}\" data-widget_type=\"image.default\">\n\t\t\t\t<div class=\"elementor-widget-container\">\n\t\t\t\t\t\t\t\t\t\t\t\t\t\t\t<img fetchpriority=\"high\" decoding=\"async\" width=\"1024\" height=\"915\" src=\"https:\/\/coverband1.de\/wp-content\/uploads\/2024\/08\/Coverband1-e1749120950890-1024x915.jpeg\" class=\"attachment-large size-large wp-image-37\" alt=\"\" srcset=\"https:\/\/coverband1.de\/wp-content\/uploads\/2024\/08\/Coverband1-e1749120950890-1024x915.jpeg 1024w, https:\/\/coverband1.de\/wp-content\/uploads\/2024\/08\/Coverband1-e1749120950890-300x268.jpeg 300w, https:\/\/coverband1.de\/wp-content\/uploads\/2024\/08\/Coverband1-e1749120950890-768x686.jpeg 768w, https:\/\/coverband1.de\/wp-content\/uploads\/2024\/08\/Coverband1-e1749120950890.jpeg 1209w\" sizes=\"(max-width: 1024px) 100vw, 1024px\" \/>\t\t\t\t\t\t\t\t\t\t\t\t\t\t\t<\/div>\n\t\t\t\t<\/div>\n\t\t\t\t\t<\/div>\n\t\t<\/div>\n\t\t\t\t<div class=\"elementor-column elementor-col-50 elementor-top-column elementor-element elementor-element-1f377f6\" data-id=\"1f377f6\" data-element_type=\"column\">\n\t\t\t<div class=\"elementor-widget-wrap elementor-element-populated\">\n\t\t\t\t\t\t<div class=\"elementor-element elementor-element-91cf7de elementor-widget elementor-widget-heading\" data-id=\"91cf7de\" data-element_type=\"widget\" data-widget_type=\"heading.default\">\n\t\t\t\t<div class=\"elementor-widget-container\">\n\t\t\t\t\t<h2 class=\"elementor-heading-title elementor-size-default\">Live-Musik f\u00fcr jede Party<\/h2>\t\t\t\t<\/div>\n\t\t\t\t<\/div>\n\t\t\t\t<div class=\"elementor-element elementor-element-a16f8e5 elementor-widget elementor-widget-text-editor\" data-id=\"a16f8e5\" data-element_type=\"widget\" data-widget_type=\"text-editor.default\">\n\t\t\t\t<div class=\"elementor-widget-container\">\n\t\t\t\t\t\t\t\t\t<p>Von intim bis bombastisch: Coverband 1 kann individuell zusammengesetzt werden. Das macht jede Party zu einer musikalischen Sensation. Ob Akustik-Duo bei der Hochzeit an der Nordsee oder f\u00fcnfk\u00f6pfige Band plus Bl\u00e4sersatz bei Gala in den Alpen \u2013 alles ist m\u00f6glich. Vielleicht ja auch auf Ihrem Fest?<\/p>\t\t\t\t\t\t\t\t<\/div>\n\t\t\t\t<\/div>\n\t\t\t\t<div class=\"elementor-element elementor-element-c65f620 elementor-mobile-align-center elementor-align-left elementor-widget elementor-widget-button\" data-id=\"c65f620\" data-element_type=\"widget\" data-widget_type=\"button.default\">\n\t\t\t\t<div class=\"elementor-widget-container\">\n\t\t\t\t\t\t\t\t\t<div class=\"elementor-button-wrapper\">\n\t\t\t\t\t<a class=\"elementor-button elementor-button-link elementor-size-sm\" href=\"https:\/\/coverband1.de\/?page_id=316\">\n\t\t\t\t\t\t<span class=\"elementor-button-content-wrapper\">\n\t\t\t\t\t\t\t\t\t<span class=\"elementor-button-text\">Kontakt<\/span>\n\t\t\t\t\t<\/span>\n\t\t\t\t\t<\/a>\n\t\t\t\t<\/div>\n\t\t\t\t\t\t\t\t<\/div>\n\t\t\t\t<\/div>\n\t\t\t\t<div class=\"elementor-element elementor-element-b162385 elementor-mobile-align-center elementor-widget elementor-widget-button\" data-id=\"b162385\" data-element_type=\"widget\" data-widget_type=\"button.default\">\n\t\t\t\t<div class=\"elementor-widget-container\">\n\t\t\t\t\t\t\t\t\t<div class=\"elementor-button-wrapper\">\n\t\t\t\t\t<a class=\"elementor-button elementor-button-link elementor-size-sm\" href=\"https:\/\/coverband1.de\/?page_id=267\">\n\t\t\t\t\t\t<span class=\"elementor-button-content-wrapper\">\n\t\t\t\t\t\t\t\t\t<span class=\"elementor-button-text\">Mehr erfahren<\/span>\n\t\t\t\t\t<\/span>\n\t\t\t\t\t<\/a>\n\t\t\t\t<\/div>\n\t\t\t\t\t\t\t\t<\/div>\n\t\t\t\t<\/div>\n\t\t\t\t\t<\/div>\n\t\t<\/div>\n\t\t\t\t\t<\/div>\n\t\t<\/section>\n\t\t<div class=\"elementor-element elementor-element-1f9686e e-flex e-con-boxed e-con e-parent\" data-id=\"1f9686e\" data-element_type=\"container\" data-settings=\"{&quot;background_background&quot;:&quot;classic&quot;}\">\n\t\t\t\t\t<div class=\"e-con-inner\">\n\t\t\t\t<div class=\"elementor-element elementor-element-98adcf2 elementor-widget elementor-widget-heading\" data-id=\"98adcf2\" data-element_type=\"widget\" data-widget_type=\"heading.default\">\n\t\t\t\t<div class=\"elementor-widget-container\">\n\t\t\t\t\t<h2 class=\"elementor-heading-title elementor-size-default\">Referenzen<\/h2>\t\t\t\t<\/div>\n\t\t\t\t<\/div>\n\t\t\t\t\t<\/div>\n\t\t\t\t<\/div>\n\t\t<div class=\"elementor-element elementor-element-7439cf3 e-flex e-con-boxed e-con e-parent\" data-id=\"7439cf3\" data-element_type=\"container\">\n\t\t\t\t\t<div class=\"e-con-inner\">\n\t\t\t\t<div class=\"elementor-element elementor-element-1eb91bb elementor-widget elementor-widget-text-editor\" data-id=\"1eb91bb\" data-element_type=\"widget\" data-widget_type=\"text-editor.default\">\n\t\t\t\t<div class=\"elementor-widget-container\">\n\t\t\t\t\t\t\t\t\t<p>F\u00fcr diese und weitere Unternehmen und Vereine haben die Musiker*innen der Coverband 1 bereits gespielt:<\/p><ul><li>Audi AG<\/li><li>BMW AG<\/li><li>Deutsche Bahn AG<\/li><li>Messe Frankfurt GmbH<\/li><li>Sparkasse<\/li><li>Lindt &amp; Spr\u00fcngli AG<\/li><li>Commerzbank AG<\/li><li>Henkel &amp; Cie AG<\/li><li>Linde plc<\/li><li>Deutscher Turnerbund e.V.<\/li><li>W\u00fcrth Group GmbH<\/li><li>s.Oliver Bernd Freier GmbH &amp; Co. KG<\/li><li>Esprit Holdings Limited<\/li><li>TSG 1899 Hoffenheim<\/li><li>Badische Staatsbrauerei Rothaus AG<\/li><li>Heidelberger Druckmaschinen AG<\/li><\/ul>\t\t\t\t\t\t\t\t<\/div>\n\t\t\t\t<\/div>\n\t\t\t\t\t<\/div>\n\t\t\t\t<\/div>\n\t\t\t\t<\/div>\n\t\t","protected":false},"excerpt":{"rendered":"<p>Nicht die 2, nicht die 3&#8230; Coverband 1! Kontakt Mehr erfahren Bei Coverband 1 kommen professionell ausgebildete und studierte Musiker [&hellip;]<\/p>\n","protected":false},"author":1,"featured_media":0,"parent":0,"menu_order":0,"comment_status":"closed","ping_status":"closed","template":"","meta":{"site-sidebar-layout":"no-sidebar","site-content-layout":"","ast-site-content-layout":"full-width-container","site-content-style":"default","site-sidebar-style":"default","ast-global-header-display":"","ast-banner-title-visibility":"","ast-main-header-display":"","ast-hfb-above-header-display":"","ast-hfb-below-header-display":"","ast-hfb-mobile-header-display":"","site-post-title":"disabled","ast-breadcrumbs-content":"","ast-featured-img":"disabled","footer-sml-layout":"","theme-transparent-header-meta":"","adv-header-id-meta":"","stick-header-meta":"","header-above-stick-meta":"","header-main-stick-meta":"","header-below-stick-meta":"","astra-migrate-meta-layouts":"default","ast-page-background-enabled":"default","ast-page-background-meta":{"desktop":{"background-color":"var(--ast-global-color-4)","background-image":"","background-repeat":"repeat","background-position":"center center","background-size":"auto","background-attachment":"scroll","background-type":"","background-media":"","overlay-type":"","overlay-color":"","overlay-opacity":"","overlay-gradient":""},"tablet":{"background-color":"","background-image":"","background-repeat":"repeat","background-position":"center center","background-size":"auto","background-attachment":"scroll","background-type":"","background-media":"","overlay-type":"","overlay-color":"","overlay-opacity":"","overlay-gradient":""},"mobile":{"background-color":"","background-image":"","background-repeat":"repeat","background-position":"center center","background-size":"auto","background-attachment":"scroll","background-type":"","background-media":"","overlay-type":"","overlay-color":"","overlay-opacity":"","overlay-gradient":""}},"ast-content-background-meta":{"desktop":{"background-color":"var(--ast-global-color-5)","background-image":"","background-repeat":"repeat","background-position":"center center","background-size":"auto","background-attachment":"scroll","background-type":"","background-media":"","overlay-type":"","overlay-color":"","overlay-opacity":"","overlay-gradient":""},"tablet":{"background-color":"var(--ast-global-color-5)","background-image":"","background-repeat":"repeat","background-position":"center center","background-size":"auto","background-attachment":"scroll","background-type":"","background-media":"","overlay-type":"","overlay-color":"","overlay-opacity":"","overlay-gradient":""},"mobile":{"background-color":"var(--ast-global-color-5)","background-image":"","background-repeat":"repeat","background-position":"center center","background-size":"auto","background-attachment":"scroll","background-type":"","background-media":"","overlay-type":"","overlay-color":"","overlay-opacity":"","overlay-gradient":""}},"footnotes":""},"class_list":["post-6","page","type-page","status-publish","hentry"],"yoast_head":"<!-- This site is optimized with the Yoast SEO plugin v25.2 - https:\/\/yoast.com\/wordpress\/plugins\/seo\/ -->\n<title>Home - Coverband 1<\/title>\n<meta name=\"robots\" content=\"index, follow, max-snippet:-1, max-image-preview:large, max-video-preview:-1\" \/>\n<link rel=\"canonical\" href=\"https:\/\/coverband1.de\/\" \/>\n<meta property=\"og:locale\" content=\"de_DE\" \/>\n<meta property=\"og:type\" content=\"article\" \/>\n<meta property=\"og:title\" content=\"Home - Coverband 1\" \/>\n<meta property=\"og:description\" content=\"Nicht die 2, nicht die 3&#8230; Coverband 1! Kontakt Mehr erfahren Bei Coverband 1 kommen professionell ausgebildete und studierte Musiker [&hellip;]\" \/>\n<meta property=\"og:url\" content=\"https:\/\/coverband1.de\/\" \/>\n<meta property=\"og:site_name\" content=\"Coverband 1\" \/>\n<meta property=\"article:modified_time\" content=\"2026-04-22T21:12:50+00:00\" \/>\n<meta property=\"og:image\" content=\"https:\/\/coverband1.de\/wp-content\/uploads\/2024\/08\/Coverband1-e1749120950890.jpeg\" \/>\n\t<meta property=\"og:image:width\" content=\"1209\" \/>\n\t<meta property=\"og:image:height\" content=\"1080\" \/>\n\t<meta property=\"og:image:type\" content=\"image\/jpeg\" \/>\n<meta name=\"twitter:card\" content=\"summary_large_image\" \/>\n<meta name=\"twitter:label1\" content=\"Gesch\u00e4tzte Lesezeit\" \/>\n\t<meta name=\"twitter:data1\" content=\"2\u00a0Minuten\" \/>\n<script type=\"application\/ld+json\" class=\"yoast-schema-graph\">{\"@context\":\"https:\/\/schema.org\",\"@graph\":[{\"@type\":\"WebPage\",\"@id\":\"https:\/\/coverband1.de\/\",\"url\":\"https:\/\/coverband1.de\/\",\"name\":\"Home - Coverband 1\",\"isPartOf\":{\"@id\":\"https:\/\/coverband1.de\/#website\"},\"primaryImageOfPage\":{\"@id\":\"https:\/\/coverband1.de\/#primaryimage\"},\"image\":{\"@id\":\"https:\/\/coverband1.de\/#primaryimage\"},\"thumbnailUrl\":\"https:\/\/coverband1.de\/wp-content\/uploads\/2024\/08\/Coverband1-e1749120950890-1024x915.jpeg\",\"datePublished\":\"2024-08-27T11:19:05+00:00\",\"dateModified\":\"2026-04-22T21:12:50+00:00\",\"breadcrumb\":{\"@id\":\"https:\/\/coverband1.de\/#breadcrumb\"},\"inLanguage\":\"de\",\"potentialAction\":[{\"@type\":\"ReadAction\",\"target\":[\"https:\/\/coverband1.de\/\"]}]},{\"@type\":\"ImageObject\",\"inLanguage\":\"de\",\"@id\":\"https:\/\/coverband1.de\/#primaryimage\",\"url\":\"https:\/\/coverband1.de\/wp-content\/uploads\/2024\/08\/Coverband1-e1749120950890.jpeg\",\"contentUrl\":\"https:\/\/coverband1.de\/wp-content\/uploads\/2024\/08\/Coverband1-e1749120950890.jpeg\",\"width\":1209,\"height\":1080},{\"@type\":\"BreadcrumbList\",\"@id\":\"https:\/\/coverband1.de\/#breadcrumb\",\"itemListElement\":[{\"@type\":\"ListItem\",\"position\":1,\"name\":\"Home\",\"item\":\"https:\/\/coverband1.de\/\"},{\"@type\":\"ListItem\",\"position\":2,\"name\":\"Home\"}]},{\"@type\":\"WebSite\",\"@id\":\"https:\/\/coverband1.de\/#website\",\"url\":\"https:\/\/coverband1.de\/\",\"name\":\"Coverband 1\",\"description\":\"Coverband 1\",\"publisher\":{\"@id\":\"https:\/\/coverband1.de\/#organization\"},\"potentialAction\":[{\"@type\":\"SearchAction\",\"target\":{\"@type\":\"EntryPoint\",\"urlTemplate\":\"https:\/\/coverband1.de\/?s={search_term_string}\"},\"query-input\":{\"@type\":\"PropertyValueSpecification\",\"valueRequired\":true,\"valueName\":\"search_term_string\"}}],\"inLanguage\":\"de\"},{\"@type\":\"Organization\",\"@id\":\"https:\/\/coverband1.de\/#organization\",\"name\":\"Coverband 1\",\"url\":\"https:\/\/coverband1.de\/\",\"logo\":{\"@type\":\"ImageObject\",\"inLanguage\":\"de\",\"@id\":\"https:\/\/coverband1.de\/#\/schema\/logo\/image\/\",\"url\":\"https:\/\/coverband1.de\/wp-content\/uploads\/2024\/08\/logo-coverband1.svg\",\"contentUrl\":\"https:\/\/coverband1.de\/wp-content\/uploads\/2024\/08\/logo-coverband1.svg\",\"width\":336,\"height\":192,\"caption\":\"Coverband 1\"},\"image\":{\"@id\":\"https:\/\/coverband1.de\/#\/schema\/logo\/image\/\"},\"sameAs\":[\"https:\/\/instagram.com\/coverband.1\"]}]}<\/script>\n<!-- \/ Yoast SEO plugin. -->","yoast_head_json":{"title":"Home - Coverband 1","robots":{"index":"index","follow":"follow","max-snippet":"max-snippet:-1","max-image-preview":"max-image-preview:large","max-video-preview":"max-video-preview:-1"},"canonical":"https:\/\/coverband1.de\/","og_locale":"de_DE","og_type":"article","og_title":"Home - Coverband 1","og_description":"Nicht die 2, nicht die 3&#8230; Coverband 1! Kontakt Mehr erfahren Bei Coverband 1 kommen professionell ausgebildete und studierte Musiker [&hellip;]","og_url":"https:\/\/coverband1.de\/","og_site_name":"Coverband 1","article_modified_time":"2026-04-22T21:12:50+00:00","og_image":[{"width":1209,"height":1080,"url":"https:\/\/coverband1.de\/wp-content\/uploads\/2024\/08\/Coverband1-e1749120950890.jpeg","type":"image\/jpeg"}],"twitter_card":"summary_large_image","twitter_misc":{"Gesch\u00e4tzte Lesezeit":"2\u00a0Minuten"},"schema":{"@context":"https:\/\/schema.org","@graph":[{"@type":"WebPage","@id":"https:\/\/coverband1.de\/","url":"https:\/\/coverband1.de\/","name":"Home - Coverband 1","isPartOf":{"@id":"https:\/\/coverband1.de\/#website"},"primaryImageOfPage":{"@id":"https:\/\/coverband1.de\/#primaryimage"},"image":{"@id":"https:\/\/coverband1.de\/#primaryimage"},"thumbnailUrl":"https:\/\/coverband1.de\/wp-content\/uploads\/2024\/08\/Coverband1-e1749120950890-1024x915.jpeg","datePublished":"2024-08-27T11:19:05+00:00","dateModified":"2026-04-22T21:12:50+00:00","breadcrumb":{"@id":"https:\/\/coverband1.de\/#breadcrumb"},"inLanguage":"de","potentialAction":[{"@type":"ReadAction","target":["https:\/\/coverband1.de\/"]}]},{"@type":"ImageObject","inLanguage":"de","@id":"https:\/\/coverband1.de\/#primaryimage","url":"https:\/\/coverband1.de\/wp-content\/uploads\/2024\/08\/Coverband1-e1749120950890.jpeg","contentUrl":"https:\/\/coverband1.de\/wp-content\/uploads\/2024\/08\/Coverband1-e1749120950890.jpeg","width":1209,"height":1080},{"@type":"BreadcrumbList","@id":"https:\/\/coverband1.de\/#breadcrumb","itemListElement":[{"@type":"ListItem","position":1,"name":"Home","item":"https:\/\/coverband1.de\/"},{"@type":"ListItem","position":2,"name":"Home"}]},{"@type":"WebSite","@id":"https:\/\/coverband1.de\/#website","url":"https:\/\/coverband1.de\/","name":"Coverband 1","description":"Coverband 1","publisher":{"@id":"https:\/\/coverband1.de\/#organization"},"potentialAction":[{"@type":"SearchAction","target":{"@type":"EntryPoint","urlTemplate":"https:\/\/coverband1.de\/?s={search_term_string}"},"query-input":{"@type":"PropertyValueSpecification","valueRequired":true,"valueName":"search_term_string"}}],"inLanguage":"de"},{"@type":"Organization","@id":"https:\/\/coverband1.de\/#organization","name":"Coverband 1","url":"https:\/\/coverband1.de\/","logo":{"@type":"ImageObject","inLanguage":"de","@id":"https:\/\/coverband1.de\/#\/schema\/logo\/image\/","url":"https:\/\/coverband1.de\/wp-content\/uploads\/2024\/08\/logo-coverband1.svg","contentUrl":"https:\/\/coverband1.de\/wp-content\/uploads\/2024\/08\/logo-coverband1.svg","width":336,"height":192,"caption":"Coverband 1"},"image":{"@id":"https:\/\/coverband1.de\/#\/schema\/logo\/image\/"},"sameAs":["https:\/\/instagram.com\/coverband.1"]}]}},"_links":{"self":[{"href":"https:\/\/coverband1.de\/index.php?rest_route=\/wp\/v2\/pages\/6","targetHints":{"allow":["GET"]}}],"collection":[{"href":"https:\/\/coverband1.de\/index.php?rest_route=\/wp\/v2\/pages"}],"about":[{"href":"https:\/\/coverband1.de\/index.php?rest_route=\/wp\/v2\/types\/page"}],"author":[{"embeddable":true,"href":"https:\/\/coverband1.de\/index.php?rest_route=\/wp\/v2\/users\/1"}],"replies":[{"embeddable":true,"href":"https:\/\/coverband1.de\/index.php?rest_route=%2Fwp%2Fv2%2Fcomments&post=6"}],"version-history":[{"count":227,"href":"https:\/\/coverband1.de\/index.php?rest_route=\/wp\/v2\/pages\/6\/revisions"}],"predecessor-version":[{"id":484,"href":"https:\/\/coverband1.de\/index.php?rest_route=\/wp\/v2\/pages\/6\/revisions\/484"}],"wp:attachment":[{"href":"https:\/\/coverband1.de\/index.php?rest_route=%2Fwp%2Fv2%2Fmedia&parent=6"}],"curies":[{"name":"wp","href":"https:\/\/api.w.org\/{rel}","templated":true}]}}